s of 10062308?
2, 2515577
What are the prime factors of 16613150?
2, 5, 332263
What are the prime factors of 8546561?
19, 29, 15511
What are the prime factors of 171552?
2, 3, 1787
What are the prime factors of 208585?
5, 13, 3209
List the prime factors of 382142.
2, 191071
List the prime factors of 521331.
3, 173777
List the prime factors of 379735.
5, 173, 439
What are the prime factors of 40081750?
2, 5, 17, 9431
What are the prime factors of 6456594?
2, 3, 89, 107, 113
What are the prime factors of 1670580?
2, 3, 5, 9281
List the prime factors of 545975.
5, 21839
List the prime factors of 387623.
387623
List the prime factors of 20820983.
643, 32381
List the prime factors of 3841587.
3, 15809
What are the prime factors of 3229859?
31, 43, 2423
What are the prime factors of 77811?
3, 37, 701
List the prime factors of 1638949.
13, 139, 907
List the prime factors of 4519586.
2, 17, 132929
List the prime factors of 137026.
2, 131, 523
List the prime factors of 1046288.
2, 65393
What are the prime factors of 5623012?
2, 19, 241, 307
List the prime factors of 334337.
367, 911
What are the prime factors of 990017?
7, 233, 607
What are the prime factors of 6984534?
2, 3, 29, 137, 293
What are the prime factors of 15973624?
2, 449, 4447
List the prime factors of 11030290.
2, 5, 1103029
List the prime factors of 551316.
2, 3, 45943
List the prime factors of 393516.
2, 3, 17, 643
List the prime factors of 41868.
2, 3, 1163
List the prime factors of 2605273.
11, 29, 8167
What are the prime factors of 298418?
2, 17, 67, 131
List the prime factors of 166782.
2, 3, 7, 11, 19
List the prime factors of 13549613.
7, 11, 149, 1181
What are the prime factors of 1276685?
5, 37, 67, 103
List the prime factors of 10776014.
2, 5388007
List the prime factors of 19466207.
17, 131, 8741
List the prime factors of 271967.
271967
What are the prime factors of 645061?
239, 2699
List the prime factors of 29129.
29129
What are the prime factors of 3233645?
5, 29, 769
List the prime factors of 245512.
2, 30689
What are the prime factors of 3888?
2, 3
What are the prime factors of 641740?
2, 5, 11, 2917
List the prime factors of 183192.
2, 3, 17, 449
What are the prime factors of 2153395?
5, 29, 14851
What are the prime factors of 4495355?
5, 211, 4261
What are the prime factors of 1508323?
1508323
List the prime factors of 1237257.
3, 7, 41, 479
What are the prime factors of 146714?
2, 109, 673
List the prime factors of 595201.
595201
What are the prime factors of 4974528?
2, 3, 13, 1993
List the prime factors of 929554.
2, 464777
What are the prime factors of 5539340?
2, 5, 103, 2689
List the prime factors of 787327.
61, 12907
List the prime factors of 3204911.
3204911
List the prime factors of 1061672.
2, 132709
What are the prime factors of 5166944?
2, 61, 2647
What are the prime factors of 191479?
43, 61, 73
What are the prime factors of 1003610?
2, 5, 100361
List the prime factors of 354883.
354883
List the prime factors of 256799.
256799
What are the prime factors of 4889888?
2, 152809
List the prime factors of 7548.
2, 3, 17, 37
List the prime factors of 5809039.
97, 59887
What are the prime factors of 32237001?
3, 1193963
What are the prime factors of 6472601?
6472601
List the prime factors of 22617047.
1031, 21937
List the prime factors of 95507.
95507
What are the prime factors of 22825?
5, 11, 83
What are the prime factors of 21739?
21739
What are the prime factors of 228900?
2, 3, 5, 7, 109
What are the prime factors of 9117802?
2, 53, 86017
List the prime factors of 527612.
2, 17, 7759
What are the prime factors of 1936196?
2, 53, 9133
What are the prime factors of 16242435?
3, 5, 11, 19, 157
What are the prime factors of 4410983?
19, 43, 5399
List the prime factors of 96488.
2, 7, 1723
List the prime factors of 5834483.
2083, 2801
List the prime factors of 4437361.
4437361
List the prime factors of 34194832.
2, 7, 19, 16069
List the prime factors of 1910335.
5, 7, 54581
List the prime factors of 27163899.
3, 7, 431173
What are the prime factors of 218162?
2, 7, 15583
List the prime factors of 346518.
2, 3, 23, 31
What are the prime factors of 19107504?
2, 3, 13, 59, 173
What are the prime factors of 361894?
2, 13, 31, 449
What are the prime factors of 2162586?
2, 3, 41, 59, 149
What are the prime factors of 191024?
2, 11939
List the prime factors of 64995.
3, 5, 7, 619
List the prime factors of 10021478.
2, 797, 6287
List the prime factors of 183505.
5, 7, 107
List the prime factors of 26019128.
2, 43, 1759
What are the prime factors of 1549855?
5, 23, 13477
List the prime factors of 644998.
2, 521, 619
What are the prime factors of 11907117?
3, 79, 16747
List the prime factors of 27187969.
643, 42283
List the prime factors of 3800658.
2, 3, 23, 27541
What are the prime factors of 1358079?
3, 17, 31, 859
What are the prime factors of 3648713?
41, 88993
What are the prime factors of 10883855?
5, 2176771
List the prime factors of 329905.
5, 65981
What are the prime factors of 532239?
3, 31, 59, 97
List the prime factors of 130491.
3, 179
List the prime factors of 259235.
5, 139, 373
What are the prime factors of 70473?
3, 13, 139
What are the prime factors of 132278?
2, 19, 59
List the prime factors of 1347994.
2, 89, 7573
What are the prime factors of 670567?
19, 29, 1217
List the prime factors of 2021627.
2021627
What are the prime factors of 1517431?
347, 4373
List the prime factors of 1197700.
2, 5, 7, 29, 59
What are the prime factors of 126362?
2, 23, 41, 67
List the prime factors of 802368.
2, 3, 7, 199
What are the prime factors of 1309989?
3, 83, 5261
List the prime factors of 304716.
2, 3, 67, 379
What are the prime factors of 1725065?
5, 29, 11897
List the prime factors of 5768708.
2, 11, 43, 3049
List the prime factors of 532972.
2, 11, 12113
List the prime factors of 1254698.
2, 627349
List the prime factors of 4588123.
73, 62851
What are the prime factors of 1490353?
1490353
What are the prime factors of 2243380?
2, 5, 223, 503
What are the prime factors of 4281241?
29, 147629
What are the prime factors of 43007434?
2, 67, 139, 2309
What are the prime factors of 8080457?
7, 11, 17, 6173
What are the prime factors of 10504454?
2, 19, 491, 563
What are the prime factors of 247395?
3, 5, 16493
List the prime factors of 7918677.
3, 13, 53, 1277
What are the prime factors of 289582?
2, 144791
List the prime factors of 4859907.
3, 13, 29, 4297
What are the prime factors of 90664?
2, 7, 1619
What are the prime factors of 940865?
5, 17, 11069
What are the prime factors of 261393?
3, 11, 89
List the prime factors of 667665.
3, 5, 37, 401
What are the prime factors of 30478618?
2, 2111, 7219
What are the prime factors of 38383?
131, 293
What are the prime factors of 2941755?
3, 5, 196117
List the prime factors of 1726113.
3, 575371
What are the prime factors of 2263117?
2263117
List the prime factors of 1167306.
2, 3, 7, 27793
List the prime factors of 229714.
2, 331, 347
List the prime factors of 1177011.
3, 11, 1321
List the prime factors of 6091264.
2, 11897
List the prime factors of 3846301.
17, 13309
List the prime factors of 1622810.
2, 5, 7, 97, 239
What are the prime factors of 268705?
5, 61, 881
What are the prime factors of 1524304?
2, 47, 2027
List the prime factors of 260398.
2, 130199
List the prime factors of 973053.
3, 41, 293
List the prime factors of 275515.
5, 55103
What are the prime factors of 2038360?
2, 5, 131, 389
List the prime factors of 2942025.
3, 5, 39227
What are the prime factors of 166723?
166723
What are the prime factors of 832991?
23, 36217
List the prime factors of 19882979.
17, 1169587
List the prime factors of 590834.
2, 295417
List the prime factors of 966237.
3, 322079
List the prime factors of 503763.
3, 13, 12917
What are the prime factors of 449757?
3, 7, 11, 59
What are the prime factors of 1862030?
2, 5, 79, 2357
What are the prime factors of 6857380?
2, 5, 342869
List the prime factors of 710856.
2, 3, 1097
What are the prime factors of 2919015?
3, 5, 11, 5897
What are the prime factors of 195448?
2, 11, 2221
What are the prime factors of 218213?
218213
What are the prime factors of 573727?
7, 11, 7451
What are the prime factors of 3812704?
2, 7, 17021
What are the prime factors of 5916817?
61, 96997
List th